ions digit of 172917880?
1
What is the hundred thousands digit of 2736330630?
3
What is the ten millions digit of 4429001173?
2
What is the ten millions digit of 36231944?
3
What is the hundred thousands digit of 72930805?
9
What is the tens digit of 2629428669?
6
What is the hundred thousands digit of 790272666?
2
What is the thousands digit of 34845977?
5
What is the billions digit of 2074339467?
2
What is the hundred thousands digit of 321006210?
0
What is the ten millions digit of 1899589502?
9
What is the hundred thousands digit of 39093497?
0
What is the thousands digit of 11407032?
7
What is the thousands digit of 13477951?
7
What is the hundreds digit of 1595998168?
1
What is the hundreds digit of 96052318?
3
What is the billions digit of 1856732202?
1
What is the hundred millions digit of 780821310?
7
What is the hundreds digit of 7493621112?
1
What is the hundred thousands digit of 324876327?
8
What is the tens digit of 209182103?
0
What is the units digit of 122737277?
7
What is the hundred thousands digit of 39119592?
1
What is the ten millions digit of 530163291?
3
What is the hundreds digit of 328411271?
2
What is the hundred thousands digit of 56773627?
7
What is the millions digit of 5452148497?
2
What is the ten millions digit of 7590030066?
9
What is the thousands digit of 1133603726?
3
What is the hundred thousands digit of 51651309?
6
What is the units digit of 287019392?
2
What is the units digit of 251040212?
2
What is the hundreds digit of 1383636771?
7
What is the tens digit of 69306347?
4
What is the tens digit of 73254031?
3
What is the units digit of 4253044746?
6
What is the ten thousands digit of 37881112?
8
What is the ten millions digit of 1158796387?
5
What is the hundreds digit of 384282470?
4
What is the tens digit of 104546879?
7
What is the millions digit of 92912895?
2
What is the ten millions digit of 778079089?
7
What is the ten millions digit of 4877788629?
7
What is the tens digit of 1003125133?
3
What is the millions digit of 691096709?
1
What is the millions digit of 48822677?
8
What is the thousands digit of 19884028?
4
What is the hundred millions digit of 258819112?
2
What is the ten millions digit of 58853245?
5
What is the ten thousands digit of 31677810?
7
What is the ten millions digit of 2257562782?
5
What is the ten millions digit of 1175536469?
7
What is the tens digit of 7232103?
0
What is the hundred millions digit of 108785142?
1
What is the hundreds digit of 142620704?
7
What is the hundred thousands digit of 466310535?
3
What is the hundreds digit of 5895234564?
5
What is the units digit of 197255626?
6
What is the hundred millions digit of 276143856?
2
What is the millions digit of 36604339?
6
What is the units digit of 528299286?
6
What is the units digit of 228095153?
3
What is the hundreds digit of 27464830?
8
What is the hundred millions digit of 633343143?
6
What is the units digit of 29468369?
9
What is the hundred thousands digit of 1554500200?
5
What is the units digit of 841094541?
1
What is the tens digit of 43863555?
5
What is the units digit of 135553782?
2
What is the hundred millions digit of 108463134?
1
What is the billions digit of 1940295559?
1
What is the thousands digit of 119497764?
7
What is the hundred thousands digit of 10202896?
2
What is the thousands digit of 14550757?
0
What is the thousands digit of 31162278?
2
What is the ten thousands digit of 2442347401?
4
What is the ten millions digit of 65744867?
6
What is the hundreds digit of 1558463219?
2
What is the ten millions digit of 36689561?
3
What is the hundreds digit of 454881597?
5
What is the ten millions digit of 4256271369?
5
What is the units digit of 64931736?
6
What is the hundreds digit of 72431398?
3
What is the hundreds digit of 2074021051?
0
What is the hundred thousands digit of 123580718?
5
What is the billions digit of 3042390302?
3
What is the hundreds digit of 89113755?
7
What is the hundreds digit of 671697477?
4
What is the millions digit of 23994483?
3
What is the tens digit of 1202244925?
2
What is the millions digit of 952967874?
2
What is the thousands digit of 950448954?
8
What is the tens digit of 85100301?
0
What is the billions digit of 1537273834?
1
What is the thousands digit of 459306389?
6
What is the millions digit of 57688705?
7
What is the units digit of 3328698425?
5
What is the hundreds digit of 1386129922?
9
What is the ten thousands digit of 715905359?
0
What is the hundreds digit of 22759980?
9
What is the hundreds digit of 132126039?
0
What is the ten thousands digit of 1341799802?
9
What is the tens digit of 51248843?
4
What is the billions digit of 1709362995?
1
What is the units digit of 157114356?
6
What is the thousands digit of 614040238?
0
What is the units digit of 342388532?
2
What is the hundred thousands digit of 71173648?
1
What is the hundred thousands digit of 3113372792?
3
What is the tens digit of 196805250?
5
What is the tens digit of 139142458?
5
What is the hundreds digit of 5146550843?
8
What is the millions digit of 1726478993?
6
What is the billions digit of 2252983719?
2
What is the thousands digit of 52075126?
5
What is the units digit of 3361467444?
4
What is the hundreds digit of 125679752?
7
What is the millions digit of 424120281?
4
What is the ten thousands digit of 97824823?
2
What is the tens digit of 4865767433?
3
What is the hundreds digit of 3465526637?
6
What is the hundred millions digit of 110644519?
1
What is the hundred thousands digit of 479658910?
6
What is the thousands digit of 47367684?
7
What is the tens digit of 90682556?
5
What is the millions digit of 382504846?
2
What is the ten thousands digit of 545232381?
3
What is the units digit of 2208678534?
4
What is the hundred thousands digit of 39637519?
6
What is the units digit of 608698000?
0
What is the hundred thousands digit of 3907893648?
8
What is the hundreds digit of 131828824?
8
What is the ten millions digit of 483544300?
8
What is the hundreds digit of 2476310308?
3
What is the hundreds digit of 393302914?
9
What is the billions digit of 1547371646?
1
What is the ten thousands digit of 232926170?
2
What is the hundred millions digit of 452473834?
4
What is the ten millions digit of 365859894?
6
What is the thousands digit of 9075956?
5
What is the millions digit of 508071549?
8
What is the hundreds digit of 922485058?
0
What is the millions digit of 419969580?
9
What is the ten millions digit of 8797442169?
9
What is the billions digit of 4303014108?
4
What is the thousands digit of 455271856?
1
What is the ten thousands digit of 102121974?
2
What is the millions digit of 81543880?
1
What is the hundred millions digit of 1097945657?
0
What is the hundred thousands digit of 740129947?
1
What is the thousands digit of 12018374?
8
What is the ten millions digit of 852166448?
5
What is the hundred millions digit of 845613618?
8
What is the millions digit of 1349597202?
9
What is the units digit of 567727427?
7
What is the units digit of 6671872503?
3
What is the thousands digit of 4244992871?
2
What is the thousands digit of 243976755?
6
What is the ten millions digit of 216730827?
1
What is the tens digit of 1232881?
8
What is the hundreds digit of 525139930?
9
What is the units digit of 5071177119?
9
What is the hundred millions digit of 1520169816?
5
What is the thousands digit of 6788532438?
2
What is the ten millions digit of 4163765790?
6
What is the ten thousands digit of 1187533815?
3
What is the billions digit of 5955522823?
5
What is the hundred thousands digit of 2564249323?
2
What is the ten millions digit of 1487256980?
8
What is the ten millions digit of 23780987?
2
What is the ten thousands digit of 8061068862?
6
What is the ten millions digit of 49499780?
4
What is the ten millions digit of 294781474?
9
What is the billions digit of 1970780489?
1
What is the hundreds digit of 17334088?
0
What is the ten thousands digit of 18708821?
0
What is the ten thousands digit of 1752664994?
6
What is the units digit of 40378844?
4
What is the hundreds digit of 39173580?
5
What is the ten thousands digit of 6101201?
0
What is the hundreds digit of 741546990?
9
What is the hundred thousands digit of 77638965?
6
What is the thousands digit of 32377545?
7
What